 is 2 + -4baa65?
-4baa63
In base 8, what is 760 + 7252?
10232
In base 15, what is dc13 - -d37?
ea4a
In base 11, what is 0 + -a8973354?
-a8973354
In base 4, what is 1231 + -111010112?
-111002221
In base 9, what is -3 + 7340450?
7340446
In base 2, what is -101111111110101111011 - -101001?
-101111111110101010010
In base 2, what is -1101101000110001000010 - -111101?
-1101101000110000000101
In base 13, what is 14c + -322720?
-3225a1
In base 6, what is 4050 - 12023045?
-12014555
In base 2, what is -1 - -1001011100010110100101111010?
1001011100010110100101111001
In base 6, what is 5 + -332010144?
-332010135
In base 14, what is -74ad73a - -4?
-74ad736
In base 2, what is -11001000001101010011111 - 101?
-11001000001101010100100
In base 16, what is 2 - 1a761b?
-1a7619
In base 8, what is -661311 + 17375?
-641714
In base 10, what is 47 + -156709?
-156662
In base 10, what is 1 - -3624405?
3624406
In base 11, what is -31431 - -10?
-31421
In base 10, what is -6 - -784190?
784184
In base 6, what is -3 - 15543444?
-15543451
In base 12, what is -2a8 - -55a76?
5578a
In base 12, what is -1945b8 - 9?
-194605
In base 12, what is 6 - -67036a85?
67036a8b
In base 10, what is 5 + 62699426?
62699431
In base 14, what is 2d29 + -ac?
2c5b
In base 8, what is -40435 + -20037?
-60474
In base 9, what is 2 + 55166011?
55166013
In base 2, what is -11111101 + 1110000111110110?
1110000011111001
In base 3, what is -2121212 + 120122222122?
120120100210
In base 13, what is -26797 + -461?
-26c28
In base 6, what is -4520 + -31043?
-40003
In base 6, what is -241245 - -1041?
-240204
In base 5, what is 34410411 - -324?
34411240
In base 11, what is 15 + -125189a?
-1251885
In base 3, what is 212221221 - -10111222?
1000110220
In base 12, what is -20251b5a - 2?
-20251b60
In base 16, what is -21d3b0b3 - -4?
-21d3b0af
In base 10, what is 2 + 123375837?
123375839
In base 11, what is -3 + 1569a77?
1569a74
In base 3, what is 1012221222102111 + 2?
1012221222102120
In base 16, what is f + -66335?
-66326
In base 11, what is 1a27a1 + 60?
1a2851
In base 12, what is 5 + a0961b5?
a0961ba
In base 14, what is 5111bd - 66?
511157
In base 13, what is -4 - 14370c6?
-14370ca
In base 5, what is -2143 + 1103334?
1101141
In base 9, what is 3 + -185867048?
-185867045
In base 12, what is 48408139 - 0?
48408139
In base 14, what is -60a5d9 + -1?
-60a5da
In base 10, what is 26 + -250738?
-250712
In base 8, what is -2637 + 70603?
65744
In base 7, what is -42226 - -12154?
-30042
In base 5, what is 24311222333 - -21?
24311222404
In base 4, what is -103103 + 11113300?
11010131
In base 2, what is -101000001111111000 + 1001000011?
-101000000110110101
In base 5, what is 0 - -1124344133?
1124344133
In base 3, what is -1200010120 - 202012?
-1200212202
In base 15, what is 5 - 213451?
-21344b
In base 10, what is -2 + -2622425?
-2622427
In base 10, what is -10105036 - 4?
-10105040
In base 7, what is 11154 - -115042?
126226
In base 6, what is -23232110 + 13?
-23232053
In base 13, what is -495c + -399?
-5028
In base 7, what is -16202211 + -5?
-16202216
In base 13, what is -4 - 2c54694?
-2c54698
In base 6, what is -3 + 1131130254?
1131130251
In base 4, what is 1232210030322 + -2?
1232210030320
In base 6, what is -110303 + -34450?
-145153
In base 5, what is 1 - -20113321144?
20113321200
In base 2, what is -1111100111000100001100111 + 101?
-1111100111000100001100010
In base 2, what is -11000001110110100 - 11000?
-11000001111001100
In base 13, what is 476c869 + -7?
476c862
In base 13, what is 9 + 19c985?
19c991
In base 12, what is 1 - 39228a2?
-39228a1
In base 11, what is 7223768 + 3?
7223770
In base 7, what is -223300340 - 4?
-223300344
In base 9, what is 170745 + -100?
170645
In base 6, what is -32 + 254114150?
254114114
In base 9, what is -163743717 + -3?
-163743721
In base 16, what is -5afe3 + -59?
-5b03c
In base 4, what is -1032 + 110300021103?
110300020011
In base 5, what is -24 + -114041233220?
-114041233244
In base 9, what is -58318040 - 3?
-58318043
In base 15, what is -74d427 + 6?
-74d421
In base 2, what is -110001000000010 + -10001110011110?
-1000010110100000
In base 2, what is 11 - -1000000100011100000101110100?
1000000100011100000101110111
In base 8, what is 11237372 + 1?
11237373
In base 15, what is -79778 + -330?
-79aa8
In base 13, what is -4 - -1b4c76?
1b4c72
In base 2, what is 10111000011011100011110 + -100?
10111000011011100011010
In base 8, what is 2356 - 36112?
-33534
In base 2, what is 0 - -11010000100010100010?
11010000100010100010
In base 8, what is -5 - 4403711?
-4403716
In base 2, what is -1010100101111010011111 - 111?
-1010100101111010100110
In base 14, what is -55 + 353c26?
353bb1
In base 13, what is 755a960 + 2?
755a962
In base 9, what is -34655448 - -4?
-34655444
In base 6, what is 4333425 + 40245?
4414114
In base 7, what is 134 + -26142031?
-26141564
In base 4, what is -3 - 110333022102?
-110333022111
In base 13, what is -5533801 + -1?
-5533802
In base 5, what is 422033103 - 1?
422033102
In base 8, what is 1220040 + 156?
1220216
In base 9, what is -3028275 + -85?
-3028371
In base 4, what is -300113332 - -101232?
-300012100
In base 2, what is 1111111110001100110 - 1001?
1111111110001011101
In base 7, what is -1520200400 + 3?
-1520200364
In base 3, what is 102200210201012 - -10211?
102200210212000
In base 12, what is 2 - 412b314?
-412b312
In base 15, what is -6 + 1501dc?
1501d6
In base 6, what is 0 + 21051443432?
21051443432
In base 4, what is 10231012020 + 120?
10231012200
In base 9, what is -1771 - 77830?
-80711
In base 12, what is 3a41 + 1532?
5373
In base 6, what is 1502000212 + 51?
1502000303
In base 9, what is -1351 + -187?
-1548
In base 7, what is -14603502336 - 5?
-14603502344
In base 3, what is 1202110221121010 - -11?
1202110221121021
In base 4, what is -1 - 302100003012?
-302100003013
In base 7, what is -34615 + 11222?
-23363
In base 12, what is -17a + 1043?
a85
In base 6, what is 113 - 10311424?
-10311311
In base 4, what is 0 + 3131231301?
3131231301
In base 5, what is 12202421 + -1113?
12201303
In base 15, what is da + e4ca3?
e4d8d
In base 11, what is 8a656 - 747?
89a0a
In base 15, what is b1c8 + 2311?
d4d9
In base 14, what is 13 + 3c1219?
3c122c
In base 3, what is -11120022212201 - 20002?
-11120100002210
In base 8, what is -1051425 - -164?
-1051241
In base 3, what is -22222010001 + -10112?
-22222020120
In base 5, what is 14 + 40010440?
40011004
In base 2, what is 101110 + -110110001010001?
-110110000100011
In base 8, what is -1436640115 - -5?
-1436640110
In base 6, what is -2 + -2143412145?
-2143412151
In base 6, what is 250 - 223142?
-222452
In base 14, what is -59 - 659d?
-6618
In base 12, what is -1952 - 6549?
-829b
In base 10, what is -10 + -142059?
-142069
In base 15, what is 1760 + 6488?
7be8
In base 8, what is 637 - 5725?
-5066
In base 8, what is -4610530 - 0?
-4610530
In base 8, what is -5 - -6050125?
6050120
In base 11, what is -455259 + 8?
-455251
In base 5, what is 1331 - -3110134?
3112020
In base 2, what is 11011001110 - -100100011111110101?
100100111011000011
In base 10, what is -3 + -9981612?
-9981615
In base 10, what is 1 + -1122676?
-1122675
In base 9, what is 17272 + 1628?
20011
In base 13, what is -325 + -7bbb?
-8213
In base 3, what is -101002010021222012 + -2?
-101002010021222021
In base 3, what is 221022211102 + -210?
221022210122
In base 5, what is -30214 + 4112?
-21102
In base 13, what is 0 - 1bc96c28?
-1bc96c28
In base 6, what is 0 + 453035101?
453035101
In base 7, what is 2306 + -634261?
-631652
In base 14, what is -6b64 - 9d3?
-7757
In base 6, what is 131013 - 5305?
121304
In base 8, what is 53 - -1247137?
1247212
In base 16, what is db0b6 + 181?
db237
In base 2, what is 1011101100100000111110110 - -101?
1011101100100000111111011
In base 13, what is -1 + -11783a9?
-11783aa
In base 6, what is 12031505242 + 1?
12031505243
In base 7, what is 213541426 + 4?
213541433
In base 8, what is 16631 + 37?
16670
In base 7, what is 415 - -343414?
344132
In base 15, what is 33b88 + -1c?
33b6b
In base 8, what is -1516 + 137734?
136216
In base 4, what is 101 + 3302121013?
3302121120
In base 9, what is 880 - 2218034?
-2217044
In base 12, what is 4 - -20b920b8?
20b92100
In base 6, what is 325 - 103024?
-102255
In base 10, what is 38 + -11659393?
-11659355
In base 11, what is 1295 - -12